f 147738054.
2, 3, 24623009
List the prime factors of 423918250.
2, 5, 7, 37, 6547
What are the prime factors of 98380668?
2, 3, 8198389
What are the prime factors of 3691351200?
2, 3, 5, 541, 2843
What are the prime factors of 245117361?
3, 47, 1738421
What are the prime factors of 47112288?
2, 3, 359, 1367
List the prime factors of 654501179.
23, 47, 557, 1087
What are the prime factors of 3805343523?
3, 43, 3277643
What are the prime factors of 770818035?
3, 5, 13, 163, 24251
List the prime factors of 2634539933.
673, 3914621
What are the prime factors of 10421857?
233, 44729
List the prime factors of 61629627.
3, 23, 893183
List the prime factors of 44736962.
2, 17, 167, 7879
What are the prime factors of 196243510?
2, 5, 19624351
What are the prime factors of 677166090?
2, 3, 5, 3119, 7237
List the prime factors of 43458844.
2, 11, 13, 6907
What are the prime factors of 2009468365?
5, 1879, 213887
What are the prime factors of 359008609?
359008609
List the prime factors of 63898574.
2, 31949287
List the prime factors of 4803730.
2, 5, 480373
What are the prime factors of 939935821?
11, 1279, 66809
List the prime factors of 128346148.
2, 7, 641, 7151
What are the prime factors of 338844632?
2, 7, 19, 31, 10273
What are the prime factors of 503809507?
503809507
List the prime factors of 325528344.
2, 3, 67, 67481
List the prime factors of 1856048716.
2, 4999, 92821
List the prime factors of 139436613.
3, 41, 125959
What are the prime factors of 1302326706?
2, 3, 41, 53, 59, 1693
List the prime factors of 45764538.
2, 3, 7627423
List the prime factors of 43096891.
43096891
What are the prime factors of 323600718?
2, 3, 7, 307, 25097
List the prime factors of 32370175.
5, 107, 12101
List the prime factors of 13961739.
3, 11, 423083
What are the prime factors of 115289302?
2, 19, 439, 6911
What are the prime factors of 98740287?
3, 10971143
List the prime factors of 1252923061.
13, 19, 266977
List the prime factors of 405167518.
2, 7, 2707, 10691
What are the prime factors of 140108597?
2203, 63599
What are the prime factors of 2907953242?
2, 1453976621
What are the prime factors of 68106838?
2, 797, 42727
What are the prime factors of 191892175?
5, 17, 37, 12203
What are the prime factors of 108390079?
7, 17, 19, 47939
What are the prime factors of 56832968?
2, 61, 116461
What are the prime factors of 348752190?
2, 3, 5, 53, 421, 521
List the prime factors of 42360009.
3, 14120003
List the prime factors of 211112320.
2, 5, 329863
List the prime factors of 38508578.
2, 23, 29, 28867
What are the prime factors of 43512094?
2, 79, 275393
List the prime factors of 810055363.
13, 4793227
What are the prime factors of 1954497639?
3, 109, 5977057
List the prime factors of 3186881006.
2, 1593440503
What are the prime factors of 27135912?
2, 3, 31, 36473
What are the prime factors of 2963528865?
3, 5, 11, 5986927
List the prime factors of 5463865337.
7, 619, 1260989
List the prime factors of 64691943.
3, 73, 83, 3559
List the prime factors of 4974559366.
2, 7, 19, 18701351
List the prime factors of 356641017.
3, 59, 2014921
What are the prime factors of 935118997?
1483, 630559
List the prime factors of 43796756.
2, 10949189
List the prime factors of 165430257.
3, 103, 191, 2803
What are the prime factors of 53894608?
2, 3368413
What are the prime factors of 5574331?
7, 223, 3571
What are the prime factors of 1064494378?
2, 10781, 49369
What are the prime factors of 22847109?
3, 101, 75403
What are the prime factors of 18277612?
2, 601, 7603
What are the prime factors of 607497621?
3, 19, 2039, 5227
What are the prime factors of 748651675?
5, 29, 227, 4549
What are the prime factors of 155552434?
2, 77776217
List the prime factors of 182529790.
2, 5, 18252979
List the prime factors of 518956890.
2, 3, 5, 61, 283583
What are the prime factors of 64367386?
2, 23, 197, 7103
What are the prime factors of 202024836?
2, 3, 13, 43, 10039
What are the prime factors of 69989285?
5, 1009, 13873
List the prime factors of 213632047.
17, 12566591
What are the prime factors of 199721495?
5, 39944299
What are the prime factors of 390027331?
167, 193, 12101
List the prime factors of 161785796.
2, 40446449
List the prime factors of 838107737.
479, 1749703
List the prime factors of 396827646.
2, 3, 467, 141623
List the prime factors of 50335339.
23, 2188493
What are the prime factors of 63730359?
3, 7, 11, 41, 2243
List the prime factors of 95653137.
3, 563, 56633
What are the prime factors of 345462650?
2, 5, 13, 531481
What are the prime factors of 2082478686?
2, 3, 16007, 21683
List the prime factors of 99177760.
2, 5, 11, 37, 1523
What are the prime factors of 2412459?
3, 7, 149, 257
What are the prime factors of 2263129757?
7, 71, 179, 25439
What are the prime factors of 397354679?
127, 673, 4649
List the prime factors of 103407681.
3, 13, 587, 4517
List the prime factors of 34680310.
2, 5, 7, 495433
What are the prime factors of 1315987341?
3, 438662447
List the prime factors of 463083042.
2, 3, 193, 399899
List the prime factors of 35465625.
3, 5, 13, 97
What are the prime factors of 171337030?
2, 5, 17133703
What are the prime factors of 447162962?
2, 223581481
List the prime factors of 127616240.
2, 5, 29, 67, 821
List the prime factors of 186953704.
2, 7, 151, 22109
What are the prime factors of 13945344?
2, 3, 7, 1297
What are the prime factors of 258260983?
223, 1158121
List the prime factors of 798520399.
798520399
What are the prime factors of 6556345?
5, 31, 42299
List the prime factors of 23554641.
3, 11, 29, 151, 163
What are the prime factors of 172954536?
2, 3, 691, 10429
List the prime factors of 44058081.
3, 14686027
List the prime factors of 37065441.
3, 7, 43, 41047
What are the prime factors of 292876138?
2, 6659, 21991
What are the prime factors of 354994282?
2, 23, 271, 28477
What are the prime factors of 118014176?
2, 7, 251, 2099
List the prime factors of 49567526.
2, 271, 91453
List the prime factors of 7599381237.
3, 7, 17232157
List the prime factors of 157662056.
2, 23, 41, 20899
What are the prime factors of 1819867350?
2, 3, 5, 7, 247601
List the prime factors of 138359758.
2, 31, 2231609
What are the prime factors of 5142144901?
89, 57776909
List the prime factors of 14604761.
14604761
What are the prime factors of 73394581?
13, 397, 14221
What are the prime factors of 1007930714?
2, 7, 17, 31, 67, 2039
List the prime factors of 1244441127.
3, 29, 199, 71879
List the prime factors of 513447545.
5, 13, 19, 83, 5009
What are the prime factors of 619099358?
2, 309549679
List the prime factors of 1471546054.
2, 11, 66888457
List the prime factors of 845249485.
5, 19, 1913, 4651
List the prime factors of 41929070.
2, 5, 29, 144583
List the prime factors of 3077314305.
3, 5, 13, 71, 222269
List the prime factors of 2027096469.
3, 75077647
List the prime factors of 4621372772.
2, 1873, 616841
List the prime factors of 1338366074.
2, 669183037
List the prime factors of 113638034.
2, 56819017
List the prime factors of 7980434376.
2, 3, 1993, 166843
List the prime factors of 4305829458.
2, 3, 7, 557, 184057
What are the prime factors of 7478230618?
2, 463, 8075843
What are the prime factors of 14330869?
7, 89, 23003
What are the prime factors of 711287105?
5, 142257421
What are the prime factors of 242116623?
3, 7, 3843121
What are the prime factors of 398243037?
3, 17, 7808687
What are the prime factors of 212599726?
2, 223, 476681
List the prime factors of 365789673.
3, 29, 47, 29819
List the prime factors of 23068594.
2, 307, 37571
List the prime factors of 248363310.
2, 3, 5, 13, 636829
List the prime factors of 2694654655.
5, 7, 11, 6999103
List the prime factors of 160132553.
7, 22876079
What are the prime factors of 74175344?
2, 43, 131, 823
What are the prime factors of 1530381006?
2, 3, 7, 11, 41, 47, 191
What are the prime factors of 132987173?
11, 23, 525641
List the prime factors of 1688983292.
2, 31, 13620833
List the prime factors of 2688400118.
2, 1344200059
What are the prime factors of 70261559?
101, 695659
What are the prime factors of 4923366007?
7, 703338001
List the prime factors of 12783634.
2, 6391817
What are the prime factors of 425749282?
2, 7, 281, 108223
What are the prime factors of 165564428?
2, 17, 31, 78541
W